10.
82577
What is -348284 (base 10) in base 15?
-6d2de
101201211111 (base 3) to base 15
4290d
-7055150 (base 8) to base 9
-3441813
Convert 39141 (base 10) to base 11.
27453
-62b42c (base 13) to base 2
-1000110011111010000001
-201410041 (base 5) to base 7
-6612402
Convert -2212220101 (base 3) to base 13.
-1cb07
What is 2618020 (base 11) in base 9?
8471438
Convert 68c46 (base 15) to base 16.
516cc
Convert -112124440 (base 6) to base 14.
-3ba3d6
41dba (base 14) to base 16
26d90
-1559aa (base 12) to base 16
-58852
What is 1140324022 (base 5) in base 4?
22023031323
Convert -776365 (base 8) to base 2.
-111111110011110101
-1100223033 (base 4) to base 8
-1205317
What is 375231 (base 8) in base 15?
2865e
Convert -4271024 (base 8) to base 13.
-310525
20303111 (base 4) to base 15
aa38
5422340 (base 6) to base 8
1012424
What is -110210003 (base 4) in base 2?
-10100100100000011
What is 37d19 (base 14) in base 13?
4a4a7
Convert -1102102001210 (base 3) to base 11.
-477012
What is 2034111 (base 10) in base 5?
1010042421
Convert 1034280 (base 11) to base 4.
12330213102
Convert 2340536 (base 11) to base 2.
1111100101011011101011
What is -3147574 (base 8) in base 6?
-25554444
Convert 10212141 (base 5) to base 6.
1454520
1222110210 (base 3) to base 4
21201012
-2101033323 (base 5) to base 10
-4314838
Convert -124d63 (base 14) to base 8.
-2313053
What is -1a91aa (base 11) in base 9?
-536461
-15176b9 (base 12) to base 4
-100101000231
What is -20a21d (base 15) in base 8?
-5731122
What is -228b39 (base 14) in base 2?
-100011111010000111111
102032122131 (base 4) to base 2
10010001110011010011101
What is 253543 (base 8) in base 7?
514201
Convert -31542025 (base 6) to base 5.
-214242402
-54176 (base 14) to base 10
-203356
-4645a5 (base 12) to base 9
-2107568
What is 112201122022 (base 3) in base 10?
289880
What is 157146 (base 8) in base 2?
1101111001100110
1000100110011011100110 (base 2) to base 3
11020112200110
What is -130544061 (base 7) in base 13?
-19589a6
Convert -2638061 (base 9) to base 11.
-8a5a58
20102112102 (base 3) to base 9
212472
What is -172de (base 15) in base 2?
-10010010010011101
What is 27734 (base 14) in base 3?
11221200120
-1056620 (base 9) to base 10
-569124
142224 (base 9) to base 12
42387
4110043313 (base 5) to base 10
8284208
What is b81556 (base 16) in base 11?
689aa21
Convert 34156 (base 7) to base 13.
3c37
What is -196015 (base 13) in base 10?
-641542
What is 302347 (base 8) in base 3?
12001120101
What is 62d4b (base 16) in base 7?
3304131
Convert -15d87 (base 15) to base 14.
-1b9d6
Convert -367703 (base 8) to base 7.
-1036005
Convert -1542344 (base 7) to base 4.
-303302321
-3223221010 (base 4) to base 8
-3535104
1510420 (base 8) to base 3
210212022222
Convert -d9bf (base 16) to base 13.
-1c4ac
Convert -609438 (base 15) to base 2.
-10001100000000000111010
Convert -1111010010010101000 (base 2) to base 6.
-14423000
What is -4224320 (base 6) in base 9?
-343213
Convert -1010122001100 (base 3) to base 10.
-602919
Convert -3555643 (base 8) to base 7.
-11163603
Convert 10111001011 (base 4) to base 15.
1762e1
What is 11100012002 (base 3) in base 4?
110312312
Convert 3455658 (base 10) to base 8.
15135252
What is 32442050 (base 6) in base 9?
1737363
What is -3cc71 (base 14) in base 6?
-3121203
Convert 15727607 (base 9) to base 11.
4497588
What is 1344312203 (base 5) in base 10?
3510303
100100100100011100 (base 2) to base 14
3c832
Convert 101101000010000000010 (base 2) to base 12.
5b1b16
What is -201020020122 (base 3) in base 14?
-9bd3c
600618 (base 9) to base 2
1010110100111101101
Convert 3a9a5 (base 11) to base 9.
88140
What is 15202654 (base 7) in base 3?
2201111010011
What is 7d6b5 (base 15) in base 13?
10cc67
What is 113330322323 (base 4) in base 7?
104240444
What is 542130 (base 7) in base 16?
170bb
110011100101000110110 (base 2) to base 7
20236412
Convert 11001110011101110 (base 2) to base 9.
171005
Convert -c3524 (base 14) to base 8.
-1626334
Convert -425404150 (base 6) to base 13.
-17417ca
-14020201010 (base 5) to base 8
-103531723
What is 1210231104 (base 5) in base 14?
535da3
1243b2 (base 14) to base 15
c58d6
What is -b7ecc8 (base 15) in base 8?
-41320606
-14211414 (base 5) to base 6
-3055542
What is 24455013 (base 6) in base 4?
2333230101
Convert 22204144 (base 5) to base 11.
122a86
100121212221 (base 3) to base 10
189457
348901 (base 11) to base 8
2070757
Convert -40060 (base 7) to base 2.
-10010110101110
876586 (base 14) to base 5
2133322231
-64bc4 (base 16) to base 10
-412612
What is -20a5730 (base 11) in base 14?
-6c3483
-20a670a (base 11) to base 4
-32012323013
14314100 (base 6) to base 11
30678a
2423040431 (base 5) to base 15
7714e6
Convert 6d5a5 (base 14) to base 5.
32023133
-1705223 (base 9) to base 6
-32155420
-ad270 (base 14) to base 2
-1100110100111100010
-121434023 (base 5) to base 10
-577388
What is 1010221211120 (base 3) in base 16?
94c2c
1588996 (base 10) to base 5
401321441
-11a2377 (base 12) to base 16
-34958b
Convert -21940a (base 12) to base 7.
-4354264
161b4a (base 13) to base 12
224509
What is -673075 (base 8) in base 10?
-226877
What is -2220221 (base 6) in base 2?
-11011001110110101
Convert -37837 (base 9) to base 2.
-110001101111100
What is -96b8d (base 14) in base 10?
-364489
151514414 (base 6) to base 5
1302322041
What is 21253551 (base 7) in base 8?
6722320
32300433 (base 5) to base 13
982bc
Convert 27ddda (base 14) to base 5.
323223342
-17b093 (base 15) to base 6
-40400433
What is -316c1 (base 16) in base 9?
-337615
36e4c (base 15) to base 6
3431443
-2410041330 (base 5) to base 3
-101102221121101
What is 1001222001102 (base 3) in base 12?
235b18
31300220 (base 4) to base 10
56360
Convert -131123212320 (base 4) to base 7.
-122402313
What is 151402554 (base 6) in base 12?
108345a
-2310545 (base 6) to base 8
-346601
28b1e (base 15) to base 8
377302
What is -250706 (base 9) in base 3?
-21200210020
What is -153563201 (base 7) in base 16?
-9db338
Convert 3043602 (base 7) to base 4.
1120311210
d839 (base 15) to base 9
68650
Convert -10010100001010001101101 (base 2) to base 10.
-4854893
Convert 1112000200 (base 3) to base 5.
1424112
What is 14a2124 (base 14) in base 10?
10070708
What is -20333 (base 13) in base 15?
-1214b
Convert -2179d8 (base 14) to base 8.
-4251172
-28545384 (base 9) to base 13
-2c124bb
Convert 406d5 (base 14) to base 4.
211312103
-3000444200 (base 5) to base 13
-12a90b4
28463 (base 11) to base 2
1001111000100011
Convert -1a97936 (base 11) to base 16.
-35c6bd
What is 353101340 (base 6) in base 3?
110101122010220
Convert 4ebb0 (base 16) to base 2.
1001110101110110000
Convert -39a42a (base 11) to base 8.
-2314014
Convert 391a20 (base 11) to base 5.
124224420
Convert 17415 (base 12) to base 15.
9d85
Convert -601406 (base 13) to base 2.
-1000100000100101101101
Convert 2803285 (base 9) to base 14.
2c055a
What is 2004a (base 12) in base 4?
22020322
-102362004 (base 7) to base 2
-10111001000110111010000
What is 3332203330 (base 4) in base 15?
158e24
What is -10b2a (base 14) in base 5?
-2244420
210104124 (base 5) to base 9
1554772
Convert -131101132 (base 4) to base 14.
-319a6
Convert 29036 (base 16) to base 4.
221000312
Convert 63460 (base 10) to base 8.
173744
110011222002 (base 3) to base 12
b6948
Convert -3b10a (base 12) to base 9.
-133551
1284135 (base 9) to base 4
2230020200
20012201012011 (base 3) to base 12
11323b7
What is -201201022020102 (base 3) in base 9?
-21638212
What is -2847b0 (base 13) in base 4?
-3233203010
What is 111000010001011101010 (base 2) in base 14?
35ddc6
-180763 (base 9) to base 15
-23376
What is 2724401 (base 8) in base 16?
ba901
Convert 319 (base 11) to base 12.
27b
134ac (base 13) to base 10
35970
-11111222010001 (base 3) to base 4
-21022012213
Convert 101f01 (base 16) to base 7.
11660133
84689 (base 14) to base 15
64a6b
Convert -1562616 (base 8) to base 6.
-13404302
465234 (base 7) to base 2
10100011000010000
Convert -9b79 (base 12) to base 10.
-17229
9b37a (base 15) to base 8
1703744
What is 3007145 (base 8) in base 4?
3000321211
-31221222320 (base 4) to base 2
-1101101001101010111000
-200221201001 (base 3) to base 10
-373033
-10110011111100101 (base 2) to base 8
-263745
What is -212823 (base 9) in base 14?
-342c2
151906 (base 11) to base 14
6237c
What is -70884 (base 12) in